0 - y. Calculate the remainder when 29 is divided by p.
5
Suppose 3*f - 86 = 67. What is the remainder when 350 is divided by f?
44
Calculate the remainder when 37 is divided by (30/(-20))/((-3)/20).
7
Let k(z) = z**3 + 2*z + 9. Let u = -16 - -16. What is the remainder when 35 is divided by k(u)?
8
What is the remainder when 91 is divided by 4/((-12)/(-15)) - -16?
7
Let v = -55 - -92. What is the remainder when v is divided by (-72)/(-7) + (-112)/49 + 2?
7
Let w = 123 - 121. Calculate the remainder when 10 is divided by w.
0
Suppose 0 = 193*u - 168*u - 450. Calculate the remainder when 768 is divided by u.
12
Let t = -28 - -32. Suppose 5*y = -t*w + 32, 4*y = 6*y - 2*w - 2. Calculate the remainder when y is divided by 3.
1
Let p(b) = -2*b**3 + 6*b**2 + 8*b + 6. Let r be p(-3). Let m = r - 68. Calculate the remainder when 84 is divided by m.
18
Calculate the remainder when -3 - 20445/(-25) - (-30)/25 is divided by 63.
60
Suppose 3*i + 123 = z, 0 = -0*i + 4*i - 4. Calculate the remainder when z is divided by 27.
18
Suppose 26*c + 3720 = 28*c. Calculate the remainder when (-4)/7 + c/21 is divided by 30.
28
Let b = 6 + 0. Let x(q) = -q - 5. Let t(g) = -1. Let h(u) = -2*t(u) - x(u). Calculate the remainder when 48 is divided by h(b).
9
Suppose 3*x + 160 = -x. Let g = 103 + x. What is the remainder when g is divided by ((-8)/(-10))/(2/40)?
15
Let m be 6/3*(-99)/18. Let q(y) = -y**3 - 10*y**2 + 10*y - 5. What is the remainder when 26 is divided by q(m)?
2
Let r(d) = 3*d - 15. Let j be r(9). Calculate the remainder when 126 is divided by 134/3 - j/18.
38
Let l = 2 + -2. Suppose -2*u = 14 - 18. Suppose -a + u = -l. Calculate the remainder when 6 is divided by a.
0
Let t(h) = -h**2 + 5*h + 16. Let l be t(5). Suppose 4*i - l + 0 = 0. Calculate the remainder when 9 is divided by i.
1
Suppose 5*n = -3*n + 32. What is the remainder when 50 is divided by n?
2
Calculate the remainder when (2 + 1)*237/9 is divided by 30.
19
Let b(a) be the first derivative of 6 + 1/2*a**2 + 2*a. Calculate the remainder when 62 is divided by b(11).
10
Let y = 618 + -212. Calculate the remainder when y is divided by 34.
32
Let o(f) = f**2 - 13*f - 21. Let p be o(11). Let h be -2 - (-2)/(1*-2). Calculate the remainder when 26 is divided by 1/(-3) + p/h.
12
Let k(l) = l**2 + 8*l - 16. Suppose -2*q + 146 = 2*s, -2*s + 4*q = -0*s - 176. Suppose 6*w + s = 9*w. Calculate the remainder when k(-13) is divided by w.
23
Suppose 6*w - 87 = 3*w. Let l(u) be the third derivative of u**4/8 - 13*u**3/6 + 20*u**2. What is the remainder when w is divided by l(10)?
12
Suppose 3*s - 4 = -5*h, -h + 10 = 2*s - 5*h. Suppose s*o - 4*o = -8. Let p(c) = c**2 + 5*c - 1. Calculate the remainder when p(-7) is divided by o.
5
What is the remainder when (1 - 1675/(-2)) + 324/(-648) is divided by 20?
18
Let j = -212 + 223. Suppose -2*a - 3*s + 57 = 0, -2*a + 3*s + 36 - 9 = 0. Calculate the remainder when a is divided by j.
10
Suppose 3*j = j + 4. Suppose j*d - d = 12. Calculate the remainder when 70 is divided by d.
10
Let b(x) = -x - 6. Let c be b(-4). Let h = 36 - 28. What is the remainder when (c + 1)/((-3)/39) is divided by h?
5
Let i = 44 + -15. Let o = i - 13. Calculate the remainder when o is divided by 6.
4
Suppose 0 = -5*k + 2*r + 69, 5*k = -0*r + r + 72. What is the remainder when k is divided by 3?
0
Let n = -132 - -169. What is the remainder when n is divided by 15?
7
Suppose 0 = -2*x - 3*y + 123, 3*x = -3*y + 51 + 141. What is the remainder when 481 is divided by x?
67
Suppose -n = -0*n + 4*a - 244, 2*n + 4*a = 484. Calculate the remainder when 55 is divided by 20/(-170) - n/(-17).
13
Let m be 4/((-2)/(-9) + 8/126). Let k = m - -20. What is the remainder when 101 is divided by k?
33
Let j = -98 - -97. Calculate the remainder when (-20 - -24)/(j + (-37)/(-35)) is divided by 24.
22
Let d(k) = k**2 - 31*k + 228. Calculate the remainder when 983 is divided by d(11).
7
Suppose 942 = 20*d - 718. Calculate the remainder when 90 is divided by d.
7
Let q(z) = -z**2 + 5*z - 5. Let n be q(5). Let m = 10 + n. Suppose -8*o = 2*l - 4*o - 16, -20 = m*o. What is the remainder when 46 is divided by l?
14
Suppose 2*k - 1630 = -50. Calculate the remainder when k is divided by 24.
22
Let n(i) = i**3 - 15*i**2 + 33*i - 144. Calculate the remainder when 493 is divided by n(14).
5
Let v(f) = f**3 + 20*f**2 - f - 8. Let i = -14 - 6. What is the remainder when 45 is divided by v(i)?
9
Let t(c) = c + 6. Suppose -5*z + 3*h + 32 = 0, 3*z + h = -4*h + 26. Calculate the remainder when t(z) is divided by 4.
1
Let k(j) = -21*j + 5. What is the remainder when 99 is divided by k(-1)?
21
Let w be 19 - ((-4)/(-4))/(-1). Suppose -15*a - 65 = -w*a. What is the remainder when 22 is divided by a?
9
Suppose -3*z = p + 156, 0*z + 2*z + 3*p = -104. What is the remainder when 87 is divided by z/(-8)*8/4?
9
Let g = -5 - -11. Let b be (-12)/(-6) - (-1)/1. Suppose -2*a = -1 - b. What is the remainder when g is divided by a?
0
Let g = -10941 - -10950. Let r = -6 - -8. Suppose r*l = -3*l + 210. What is the remainder when l is divided by g?
6
Suppose -f + c = -c - 7, 0 = -2*f - 4*c + 30. Suppose 5*q = 5*s + 70, -2*q + 57 = 4*s + f. What is the remainder when 134 is divided by q?
15
Let d = 8 - 5. Suppose -d*b - 3*n + 402 = 0, -n + 5*n = -3*b + 407. Calculate the remainder when b is divided by 19.
15
Let w(m) = -7*m**2 + 17*m - 7. Let p(a) = -4*a**2 + 8*a - 3. Let q(z) = -5*p(z) + 2*w(z). Calculate the remainder when 17 is divided by q(2).
4
Let v = -6 - -17. Suppose 7*m + 6 = -1. Calculate the remainder when (-1500)/(-35) + m/(-7) is divided by v.
10
Let a(c) be the first derivative of 2 - 8*c + 1/4*c**4 - 2*c**3 - 2*c**2. Calculate the remainder when 37 is divided by a(7).
11
Suppose -2*c + 63 = -0*k - 3*k, -k = 3*c - 78. Suppose -c = -5*o + 18. What is the remainder when 3 is divided by (-2)/(-3)*o/2?
0
Let d = 369 - 366. What is the remainder when 105 is divided by d?
0
Let l = -27 + 16. Calculate the remainder when 18 is divided by l - -7 - -9*1.
3
Let a = -95 + 101. Calculate the remainder when 143 is divided by a.
5
Suppose 0 = -4*r - 8, -r = 3*b - 4 + 6. Suppose 5*v - v - 36 = b. What is the remainder when 43 is divided by v?
7
Suppose -4*d - u + 1025 = 0, -5*d = u + 41 - 1323. What is the remainder when d is divided by 62?
9
Let n(j) = -2*j**3 - 5*j**2 + 5*j + 4. Suppose -2*k = -0*k - 4, -3*k + 18 = -3*a. What is the remainder when n(a) is divided by (5 - (44 - 6))/(-3)?
10
What is the remainder when 75 is divided by (-1 + 102/(-10))/((-22)/55)?
19
Let s = 132 + -4. Suppose -3*c - 37 = -j, -5*j + 37 + s = 5*c. Suppose 1 = -3*h + j. Calculate the remainder when h is divided by 4.
3
Let d(t) = -75*t - 1. Suppose 0 = 5*a + 5*n - 100, -2*a + 3*n + 59 = 2*a. What is the remainder when d(-2) is divided by a?
13
Suppose 23*c = 15*c - 16. Suppose -a = -3*i + 149, -5*i + 0*i - 5*a = -275. What is the remainder when i is divided by (-1 + 4 + c)*14?
9
What is the remainder when 2/5 + 13656/60 is divided by 31?
11
Let b = -39 + 42. Suppose 4*h + b + 2 = f, 3*h = 9. Calculate the remainder when 82 is divided by f.
14
Suppose u - 2*u = -18. Let d = -2 + 22. What is the remainder when (-2 + 48/d)*85 is divided by u?
16
Let d(t) = 3*t**2 + 63*t - 34. Calculate the remainder when 59 is divided by d(-22).
27
Let k(y) = -2*y - 2. Suppose 0 = 39*n - 42*n + 132. Calculate the remainder when n is divided by k(-9).
12
Let l = 82 + -80. Suppose 0 = -3*m, -5*m + l*m = -4*k + 56. Calculate the remainder when 37 is divided by k.
9
Suppose -5*n + 105 = 4*m, 0*n + 5*n - 105 = -m. Suppose 19*l = n*l - 66. What is the remainder when 3/(-4 - (-135)/l) is divided by 17?
16
Suppose 2*s - 5*s + 12 = 0. What is the remainder when 86 is divided by ((-754)/39)/(s/(-6))?
28
Suppose 5*h - 28 = -5*p + 7, -3*h = p - 17. Suppose -d + 1 - h = 0. What is the remainder when 8 is divided by -6*d/8*1?
2
Suppose -5*x - 39 = -2*x. Let a(u) = u**2 + 10*u. What is the remainder when a(x) is divided by 14?
11
Suppose 3*a = 4*a - 18. Let p(f) be the second derivative of -f**4/12 - 5*f**3/6 + 7*f**2/2 - 21*f. Calculate the remainder when a is divided by p(-5).
4
Suppose -3*q + 21 = -2*k + 309, -4*k + 4*q + 576 = 0. Calculate the remainder when k is divided by 39.
27
Suppose 2*d + b + 2 +